{"id":111,"date":"2015-06-24T09:48:03","date_gmt":"2015-06-24T09:48:03","guid":{"rendered":"http:\/\/www.laurent-lenfant.com\/photographie\/?page_id=111"},"modified":"2016-05-25T07:10:14","modified_gmt":"2016-05-25T07:10:14","slug":"serie-personnelle-photographique-lisa-memorandum","status":"publish","type":"page","link":"https:\/\/www.laurent-lenfant.com\/photographie\/serie-personnelle-photographique-lisa-memorandum\/","title":{"rendered":"LISA &#8211; MEMORANDUM"},"content":{"rendered":"<h2><em>Fiction photographique<\/em><\/h2>\n<div class=\"su-quote su-quote-style-default\"><div class=\"su-quote-inner su-u-clearfix su-u-trim\">\n<p>Lisa est une jeune adulte. Comme presque tout le monde elle a v\u00e9cu durant son adolescence des amours, des histoires, des souvenirs au coll\u00e8ge et au lyc\u00e9e&#8230;. Une p\u00e9riode remplie d&rsquo;exp\u00e9riences diverses, de test de ses propres limites et d&rsquo;explorations diverses de ses sentiments, de son corps, des autres&#8230;. Quelques ann\u00e9es plus tard, le coll\u00e8ge et le lyc\u00e9e sont d\u00e9finitivement ferm\u00e9s vou\u00e9s \u00e0 une autre vie , le temps a pass\u00e9 mais Lisa investit clandestinement une derni\u00e8re fois les lieux car pour pouvoir \u00ab\u00a0avancer\u00a0\u00bb et se lib\u00e9rer de\u00a0 ces \u00ab\u00a0images\u00a0\u00bb qui lui reviennent r\u00e9guli\u00e8rement en r\u00eave, elle doit affronter son pass\u00e9 afin de se replonger dans ses souvenirs.<br \/>\nVa-t-elle retrouver des indices, des traces , va-t-elle LE retrouver?<br \/>\nEt apr\u00e8s &#8230;..<\/p>\n<\/div><\/div>\n<p><em>Clic sur l&rsquo;image pour l&rsquo;agrandir&#8230;<\/em><\/p>\n<div id=\"su_slider_69f29fd00a657\" class=\"su-slider su-slider-centered su-slider-pages-yes su-slider-responsive-yes su-lightbox-gallery\" style=\"width:100%\" data-autoplay=\"3000\" data-speed=\"600\" data-mousewheel=\"true\"><div class=\"su-slider-slides\"><div class=\"su-slider-slide\"><a href=\"https:\/\/www.laurent-lenfant.com\/photographie\/wp-content\/uploads\/2015\/06\/Serie-LisaMemorandum-1_web.jpg\"  title=\"LISA &#8211; MEMORANDUM\"><img decoding=\"async\" src=\"https:\/\/www.laurent-lenfant.com\/photographie\/wp-content\/uploads\/2015\/06\/Serie-LisaMemorandum-1_web-600x500.jpg\" alt=\"LISA &#8211; MEMORANDUM\" \/><\/a><\/div><div class=\"su-slider-slide\"><a href=\"https:\/\/www.laurent-lenfant.com\/photographie\/wp-content\/uploads\/2015\/06\/Serie-LisaMemorandum-2_web.jpg\"  title=\"LISA &#8211; MEMORANDUM\"><img decoding=\"async\" src=\"https:\/\/www.laurent-lenfant.com\/photographie\/wp-content\/uploads\/2015\/06\/Serie-LisaMemorandum-2_web-600x500.jpg\" alt=\"LISA &#8211; MEMORANDUM\" \/><\/a><\/div><div class=\"su-slider-slide\"><a href=\"https:\/\/www.laurent-lenfant.com\/photographie\/wp-content\/uploads\/2015\/06\/Serie-LisaMemorandum-3_web.jpg\"  title=\"LISA &#8211; MEMORANDUM\"><img decoding=\"async\" src=\"https:\/\/www.laurent-lenfant.com\/photographie\/wp-content\/uploads\/2015\/06\/Serie-LisaMemorandum-3_web-600x500.jpg\" alt=\"LISA &#8211; MEMORANDUM\" \/><\/a><\/div><div class=\"su-slider-slide\"><a href=\"https:\/\/www.laurent-lenfant.com\/photographie\/wp-content\/uploads\/2015\/06\/Serie-LisaMemorandum-4_web.jpg\"  title=\"LISA &#8211; MEMORANDUM\"><img decoding=\"async\" src=\"https:\/\/www.laurent-lenfant.com\/photographie\/wp-content\/uploads\/2015\/06\/Serie-LisaMemorandum-4_web-600x500.jpg\" alt=\"LISA &#8211; MEMORANDUM\" \/><\/a><\/div><div class=\"su-slider-slide\"><a href=\"https:\/\/www.laurent-lenfant.com\/photographie\/wp-content\/uploads\/2015\/06\/Serie-LisaMemorandum-5_web.jpg\"  title=\"LISA &#8211; MEMORANDUM\"><img decoding=\"async\" src=\"https:\/\/www.laurent-lenfant.com\/photographie\/wp-content\/uploads\/2015\/06\/Serie-LisaMemorandum-5_web-600x500.jpg\" alt=\"LISA &#8211; MEMORANDUM\" \/><\/a><\/div><div class=\"su-slider-slide\"><a href=\"https:\/\/www.laurent-lenfant.com\/photographie\/wp-content\/uploads\/2015\/06\/Serie-LisaMemorandum-6_web.jpg\"  title=\"LISA &#8211; MEMORANDUM\"><img decoding=\"async\" src=\"https:\/\/www.laurent-lenfant.com\/photographie\/wp-content\/uploads\/2015\/06\/Serie-LisaMemorandum-6_web-600x500.jpg\" alt=\"LISA &#8211; MEMORANDUM\" \/><\/a><\/div><div class=\"su-slider-slide\"><a href=\"https:\/\/www.laurent-lenfant.com\/photographie\/wp-content\/uploads\/2015\/06\/Serie-LisaMemorandum-7_web.jpg\"  title=\"LISA &#8211; MEMORANDUM\"><img decoding=\"async\" src=\"https:\/\/www.laurent-lenfant.com\/photographie\/wp-content\/uploads\/2015\/06\/Serie-LisaMemorandum-7_web-600x500.jpg\" alt=\"LISA &#8211; MEMORANDUM\" \/><\/a><\/div><div class=\"su-slider-slide\"><a href=\"https:\/\/www.laurent-lenfant.com\/photographie\/wp-content\/uploads\/2015\/06\/Serie-LisaMemorandum-8_web.jpg\"  title=\"LISA &#8211; MEMORANDUM\"><img decoding=\"async\" src=\"https:\/\/www.laurent-lenfant.com\/photographie\/wp-content\/uploads\/2015\/06\/Serie-LisaMemorandum-8_web-600x500.jpg\" alt=\"LISA &#8211; MEMORANDUM\" \/><\/a><\/div><div class=\"su-slider-slide\"><a href=\"https:\/\/www.laurent-lenfant.com\/photographie\/wp-content\/uploads\/2015\/06\/Serie-LisaMemorandum-9_web.jpg\"  title=\"LISA &#8211; MEMORANDUM\"><img decoding=\"async\" src=\"https:\/\/www.laurent-lenfant.com\/photographie\/wp-content\/uploads\/2015\/06\/Serie-LisaMemorandum-9_web-600x500.jpg\" alt=\"LISA &#8211; MEMORANDUM\" \/><\/a><\/div><div class=\"su-slider-slide\"><a href=\"https:\/\/www.laurent-lenfant.com\/photographie\/wp-content\/uploads\/2015\/06\/Serie-LisaMemorandum-11_web.jpg\"  title=\"LISA &#8211; MEMORANDUM\"><img decoding=\"async\" src=\"https:\/\/www.laurent-lenfant.com\/photographie\/wp-content\/uploads\/2015\/06\/Serie-LisaMemorandum-11_web-600x500.jpg\" alt=\"LISA &#8211; MEMORANDUM\" \/><\/a><\/div><div class=\"su-slider-slide\"><a href=\"https:\/\/www.laurent-lenfant.com\/photographie\/wp-content\/uploads\/2015\/06\/Serie-LisaMemorandum-12_web.jpg\"  title=\"LISA &#8211; MEMORANDUM\"><img decoding=\"async\" src=\"https:\/\/www.laurent-lenfant.com\/photographie\/wp-content\/uploads\/2015\/06\/Serie-LisaMemorandum-12_web-600x500.jpg\" alt=\"LISA &#8211; MEMORANDUM\" \/><\/a><\/div><div class=\"su-slider-slide\"><a href=\"https:\/\/www.laurent-lenfant.com\/photographie\/wp-content\/uploads\/2015\/06\/Serie-LisaMemorandum-13_web.jpg\"  title=\"LISA &#8211; MEMORANDUM\"><img decoding=\"async\" src=\"https:\/\/www.laurent-lenfant.com\/photographie\/wp-content\/uploads\/2015\/06\/Serie-LisaMemorandum-13_web-600x500.jpg\" alt=\"LISA &#8211; MEMORANDUM\" \/><\/a><\/div><div class=\"su-slider-slide\"><a href=\"https:\/\/www.laurent-lenfant.com\/photographie\/wp-content\/uploads\/2015\/06\/Serie-LisaMemorandum-14_web.jpg\"  title=\"LISA &#8211; MEMORANDUM\"><img decoding=\"async\" src=\"https:\/\/www.laurent-lenfant.com\/photographie\/wp-content\/uploads\/2015\/06\/Serie-LisaMemorandum-14_web-600x500.jpg\" alt=\"LISA &#8211; MEMORANDUM\" \/><\/a><\/div><div class=\"su-slider-slide\"><a href=\"https:\/\/www.laurent-lenfant.com\/photographie\/wp-content\/uploads\/2015\/06\/Serie-LisaMemorandum-15_web.jpg\"  title=\"LISA &#8211; MEMORANDUM\"><img decoding=\"async\" src=\"https:\/\/www.laurent-lenfant.com\/photographie\/wp-content\/uploads\/2015\/06\/Serie-LisaMemorandum-15_web-600x500.jpg\" alt=\"LISA &#8211; MEMORANDUM\" \/><\/a><\/div><div class=\"su-slider-slide\"><a href=\"https:\/\/www.laurent-lenfant.com\/photographie\/wp-content\/uploads\/2015\/06\/Serie-LisaMemorandum-16_web.jpg\"  title=\"LISA &#8211; MEMORANDUM\"><img decoding=\"async\" src=\"https:\/\/www.laurent-lenfant.com\/photographie\/wp-content\/uploads\/2015\/06\/Serie-LisaMemorandum-16_web-600x500.jpg\" alt=\"LISA &#8211; MEMORANDUM\" \/><\/a><\/div><div class=\"su-slider-slide\"><a href=\"https:\/\/www.laurent-lenfant.com\/photographie\/wp-content\/uploads\/2015\/06\/Serie-LisaMemorandum-17_web.jpg\"  title=\"LISA &#8211; MEMORANDUM\"><img decoding=\"async\" src=\"https:\/\/www.laurent-lenfant.com\/photographie\/wp-content\/uploads\/2015\/06\/Serie-LisaMemorandum-17_web-600x500.jpg\" alt=\"LISA &#8211; MEMORANDUM\" \/><\/a><\/div><\/div><div class=\"su-slider-nav\"><div class=\"su-slider-direction\"><span class=\"su-slider-prev\"><\/span><span class=\"su-slider-next\"><\/span><\/div><div class=\"su-slider-pagination\"><\/div><\/div><\/div>\n<div class=\"su-note\"  style=\"border-color:#ccccc8;border-radius:4px;-moz-border-radius:4px;-webkit-border-radius:4px;\"><div class=\"su-note-inner su-u-clearfix su-u-trim\" style=\"background-color:#e6e6e2;border-color:#ffffff;color:#333333;border-radius:4px;-moz-border-radius:4px;-webkit-border-radius:4px;\">\n<p><em>Cette s\u00e9rie a pour but d&rsquo;explorer les sentiments et souvenirs parfois confus qu&rsquo;il nous reste de la p\u00e9riode \u00ab\u00a0ann\u00e9es coll\u00e8ge\/Lyc\u00e9e \u00a0\u00bb avec toutes les implications psychologiques, sentimentales et physiques qui, sont li\u00e9es. Nos premi\u00e8res exp\u00e9riences\u00a0 laissent des traces enfouies en notre m\u00e9moire et\u00a0 l&rsquo;exploration\u00a0 \u00e0 travers un lieu tel un coll\u00e8ge d\u00e9saffect\u00e9 et la pr\u00e9sence de personnes pour donner \u00ab\u00a0vie\u00a0\u00bb \u00e0 ce lieu nous renvoie \u00e0 notre propre histoire, souvenirs de ces temps o\u00f9 plein de questions s&rsquo;entrechoquaient dans nos esprits. Abord\u00e9s d\u00e9sormais avec notre regard et notre exp\u00e9rience d&rsquo;adulte,\u00a0 la perception\u00a0 de ces sentiments en est modifi\u00e9e, comme une prise de conscience\u00a0 d&rsquo;une certaine r\u00e9alit\u00e9 qu&rsquo;on s&rsquo;\u00e9tait alors construite \u00e0 cette \u00e9poque et qui n&rsquo;est plus ou n&rsquo;a jamais r\u00e9ellement \u00e9t\u00e9&#8230;\u00a0 Cette s\u00e9rie ne ne veut pas \u00ab\u00a0sombre\u00a0\u00bb mais \u00e9vocatrice\u00a0 de notre propre exp\u00e9rience de cette p\u00e9riode de la vie\u00a0 &#8230;<br \/>\n<\/em><\/p>\n<p>&#8211; juin 2015 &#8211;<\/p>\n<\/div><\/div>\n","protected":false},"excerpt":{"rendered":"<p>Fiction photographique Clic sur l&rsquo;image pour l&rsquo;agrandir&#8230;&hellip;<\/p>\n","protected":false},"author":2,"featured_media":0,"parent":0,"menu_order":0,"comment_status":"closed","ping_status":"closed","template":"","meta":{"footnotes":""},"class_list":["post-111","page","type-page","status-publish","hentry"],"yoast_head":"<!-- This site is optimized with the Yoast SEO plugin v27.5 - https:\/\/yoast.com\/product\/yoast-seo-wordpress\/ -->\n<title>LISA - MEMORANDUM - Laurent LENFANT | Photographe Avignon<\/title>\n<meta name=\"robots\" content=\"index, follow, max-snippet:-1, max-image-preview:large, max-video-preview:-1\" \/>\n<link rel=\"canonical\" href=\"https:\/\/www.laurent-lenfant.com\/photographie\/serie-personnelle-photographique-lisa-memorandum\/\" \/>\n<meta property=\"og:locale\" content=\"fr_FR\" \/>\n<meta property=\"og:type\" content=\"article\" \/>\n<meta property=\"og:title\" content=\"LISA - MEMORANDUM - Laurent LENFANT | Photographe Avignon\" \/>\n<meta property=\"og:description\" content=\"Fiction photographique Clic sur l&rsquo;image pour l&rsquo;agrandir&#8230;&hellip;\" \/>\n<meta property=\"og:url\" content=\"https:\/\/www.laurent-lenfant.com\/photographie\/serie-personnelle-photographique-lisa-memorandum\/\" \/>\n<meta property=\"og:site_name\" content=\"Laurent LENFANT | Photographe Avignon\" \/>\n<meta property=\"article:modified_time\" content=\"2016-05-25T07:10:14+00:00\" \/>\n<meta name=\"twitter:card\" content=\"summary_large_image\" \/>\n<meta name=\"twitter:label1\" content=\"Dur\u00e9e de lecture estim\u00e9e\" \/>\n\t<meta name=\"twitter:data1\" content=\"2 minutes\" \/>\n<script type=\"application\/ld+json\" class=\"yoast-schema-graph\">{\"@context\":\"https:\\\/\\\/schema.org\",\"@graph\":[{\"@type\":\"WebPage\",\"@id\":\"https:\\\/\\\/www.laurent-lenfant.com\\\/photographie\\\/serie-personnelle-photographique-lisa-memorandum\\\/\",\"url\":\"https:\\\/\\\/www.laurent-lenfant.com\\\/photographie\\\/serie-personnelle-photographique-lisa-memorandum\\\/\",\"name\":\"LISA - MEMORANDUM - Laurent LENFANT | Photographe Avignon\",\"isPartOf\":{\"@id\":\"https:\\\/\\\/www.laurent-lenfant.com\\\/photographie\\\/#website\"},\"datePublished\":\"2015-06-24T09:48:03+00:00\",\"dateModified\":\"2016-05-25T07:10:14+00:00\",\"breadcrumb\":{\"@id\":\"https:\\\/\\\/www.laurent-lenfant.com\\\/photographie\\\/serie-personnelle-photographique-lisa-memorandum\\\/#breadcrumb\"},\"inLanguage\":\"fr-FR\",\"potentialAction\":[{\"@type\":\"ReadAction\",\"target\":[\"https:\\\/\\\/www.laurent-lenfant.com\\\/photographie\\\/serie-personnelle-photographique-lisa-memorandum\\\/\"]}]},{\"@type\":\"BreadcrumbList\",\"@id\":\"https:\\\/\\\/www.laurent-lenfant.com\\\/photographie\\\/serie-personnelle-photographique-lisa-memorandum\\\/#breadcrumb\",\"itemListElement\":[{\"@type\":\"ListItem\",\"position\":1,\"name\":\"Accueil\",\"item\":\"https:\\\/\\\/www.laurent-lenfant.com\\\/photographie\\\/\"},{\"@type\":\"ListItem\",\"position\":2,\"name\":\"LISA &#8211; MEMORANDUM\"}]},{\"@type\":\"WebSite\",\"@id\":\"https:\\\/\\\/www.laurent-lenfant.com\\\/photographie\\\/#website\",\"url\":\"https:\\\/\\\/www.laurent-lenfant.com\\\/photographie\\\/\",\"name\":\"Laurent LENFANT | Photographe Avignon\",\"description\":\"Portrait - Reportage - Illustration - Auteur\",\"potentialAction\":[{\"@type\":\"SearchAction\",\"target\":{\"@type\":\"EntryPoint\",\"urlTemplate\":\"https:\\\/\\\/www.laurent-lenfant.com\\\/photographie\\\/?s={search_term_string}\"},\"query-input\":{\"@type\":\"PropertyValueSpecification\",\"valueRequired\":true,\"valueName\":\"search_term_string\"}}],\"inLanguage\":\"fr-FR\"}]}<\/script>\n<!-- \/ Yoast SEO plugin. -->","yoast_head_json":{"title":"LISA - MEMORANDUM - Laurent LENFANT | Photographe Avignon","robots":{"index":"index","follow":"follow","max-snippet":"max-snippet:-1","max-image-preview":"max-image-preview:large","max-video-preview":"max-video-preview:-1"},"canonical":"https:\/\/www.laurent-lenfant.com\/photographie\/serie-personnelle-photographique-lisa-memorandum\/","og_locale":"fr_FR","og_type":"article","og_title":"LISA - MEMORANDUM - Laurent LENFANT | Photographe Avignon","og_description":"Fiction photographique Clic sur l&rsquo;image pour l&rsquo;agrandir&#8230;&hellip;","og_url":"https:\/\/www.laurent-lenfant.com\/photographie\/serie-personnelle-photographique-lisa-memorandum\/","og_site_name":"Laurent LENFANT | Photographe Avignon","article_modified_time":"2016-05-25T07:10:14+00:00","twitter_card":"summary_large_image","twitter_misc":{"Dur\u00e9e de lecture estim\u00e9e":"2 minutes"},"schema":{"@context":"https:\/\/schema.org","@graph":[{"@type":"WebPage","@id":"https:\/\/www.laurent-lenfant.com\/photographie\/serie-personnelle-photographique-lisa-memorandum\/","url":"https:\/\/www.laurent-lenfant.com\/photographie\/serie-personnelle-photographique-lisa-memorandum\/","name":"LISA - MEMORANDUM - Laurent LENFANT | Photographe Avignon","isPartOf":{"@id":"https:\/\/www.laurent-lenfant.com\/photographie\/#website"},"datePublished":"2015-06-24T09:48:03+00:00","dateModified":"2016-05-25T07:10:14+00:00","breadcrumb":{"@id":"https:\/\/www.laurent-lenfant.com\/photographie\/serie-personnelle-photographique-lisa-memorandum\/#breadcrumb"},"inLanguage":"fr-FR","potentialAction":[{"@type":"ReadAction","target":["https:\/\/www.laurent-lenfant.com\/photographie\/serie-personnelle-photographique-lisa-memorandum\/"]}]},{"@type":"BreadcrumbList","@id":"https:\/\/www.laurent-lenfant.com\/photographie\/serie-personnelle-photographique-lisa-memorandum\/#breadcrumb","itemListElement":[{"@type":"ListItem","position":1,"name":"Accueil","item":"https:\/\/www.laurent-lenfant.com\/photographie\/"},{"@type":"ListItem","position":2,"name":"LISA &#8211; MEMORANDUM"}]},{"@type":"WebSite","@id":"https:\/\/www.laurent-lenfant.com\/photographie\/#website","url":"https:\/\/www.laurent-lenfant.com\/photographie\/","name":"Laurent LENFANT | Photographe Avignon","description":"Portrait - Reportage - Illustration - Auteur","potentialAction":[{"@type":"SearchAction","target":{"@type":"EntryPoint","urlTemplate":"https:\/\/www.laurent-lenfant.com\/photographie\/?s={search_term_string}"},"query-input":{"@type":"PropertyValueSpecification","valueRequired":true,"valueName":"search_term_string"}}],"inLanguage":"fr-FR"}]}},"_links":{"self":[{"href":"https:\/\/www.laurent-lenfant.com\/photographie\/wp-json\/wp\/v2\/pages\/111","targetHints":{"allow":["GET"]}}],"collection":[{"href":"https:\/\/www.laurent-lenfant.com\/photographie\/wp-json\/wp\/v2\/pages"}],"about":[{"href":"https:\/\/www.laurent-lenfant.com\/photographie\/wp-json\/wp\/v2\/types\/page"}],"author":[{"embeddable":true,"href":"https:\/\/www.laurent-lenfant.com\/photographie\/wp-json\/wp\/v2\/users\/2"}],"replies":[{"embeddable":true,"href":"https:\/\/www.laurent-lenfant.com\/photographie\/wp-json\/wp\/v2\/comments?post=111"}],"version-history":[{"count":13,"href":"https:\/\/www.laurent-lenfant.com\/photographie\/wp-json\/wp\/v2\/pages\/111\/revisions"}],"predecessor-version":[{"id":292,"href":"https:\/\/www.laurent-lenfant.com\/photographie\/wp-json\/wp\/v2\/pages\/111\/revisions\/292"}],"wp:attachment":[{"href":"https:\/\/www.laurent-lenfant.com\/photographie\/wp-json\/wp\/v2\/media?parent=111"}],"curies":[{"name":"wp","href":"https:\/\/api.w.org\/{rel}","templated":true}]}}